 -38*z + 48*z - 15620. Suppose 12309 - z = 11*d. Is d a prime number?
True
Suppose -2034886 + 7316877 = 3*b + 5*v, 3*b - 5281984 = 2*v. Is b prime?
False
Suppose 5*c + 5 + 0 = n, 0 = -4*c + 8. Is (-14 - (-34 + n)) + 971*8 a composite number?
True
Suppose -3*u + 795957 + 803895 = 6*h, 0 = -3*h - u + 799925. Is h a composite number?
False
Let j(w) = 112*w**3 - 26*w**2 - 5*w - 36. Is j(11) prime?
False
Suppose 4*z - 614452 = 4*p, 4*p = 3*z + 50996 - 511841. Is z composite?
False
Let n = 313345 - 127986. Is n a composite number?
False
Suppose 43*f - 49*f = -18. Suppose -f*a + 431 + 1714 = -2*p, 4*a = p + 2855. Is a prime?
False
Suppose 0 = z + 15*m - 11*m - 8, -m + 2 = -z. Suppose -o - n + 872 = z, -4*o = -3*n - 2587 - 880. Is o a composite number?
True
Let d(c) = 10*c**2 - 30*c + 16. Let p be d(11). Suppose p = 4*x - 1068. Is x composite?
False
Suppose 23*t = 20*t + 273. Suppose -362 = -m - t. Is m a prime number?
True
Let q be 1 - ((-6 - -6) + 6/(-3)). Suppose -q*k + 4*b = 34, 2*k + 5*b = 9 - 47. Is (-7)/k*3208/2 a prime number?
False
Suppose 2*v = 520 - 512. Let m(d) = 100*d**2 - 16*d + 61. Is m(v) composite?
False
Let x = -390 + 391. Is (x*(-5667)/(-9))/((-21)/(-63)) a composite number?
False
Suppose -24 = -0*c - 4*c - i, 3*i = 12. Suppose 5*v + 12609 = 5*y - 2*y, -v = c*y - 20987. Is y composite?
True
Let c be 8/(-36) + -2 + (-40)/(-18). Suppose c = -r - 36 + 42. Suppose -4*t - 814 = -r*t. Is t composite?
True
Let r = 29339 - -24164. Is r prime?
True
Is (-7)/((-14)/(-3)) + 2365261/34 a prime number?
False
Let v = 47 + -45. Suppose 5*o - v*h - 21957 = -3*h, 0 = 2*o + h - 8784. Is o a prime number?
True
Let n(v) = -2050*v - 8. Let o(u) = 2049*u + 8. Let k(p) = 4*n(p) + 3*o(p). Let g be k(-2). Let r = g + -747. Is r prime?
False
Let f = -193675 - -322920. Is f a composite number?
True
Let n(u) = 160*u**2 + 3*u + 3. Let q be (8/(-26))/(4/(-26)). Is n(q) composite?
True
Let v = 5650 - 3153. Is v a composite number?
True
Let w(c) = 11*c**3 + 8*c**2 + 6*c + 5. Let t be w(-6). Let g = -2554 - -1394. Let a = g - t. Is a a composite number?
True
Suppose -77*c + 66*c + 3124671 = 0. Is c a composite number?
True
Suppose 98*b = 100*b. Suppose b = -44*g + 6*g + 4370. Is g a prime number?
False
Suppose 3*d = -3*m + 12, 28*m + 4*d - 1 = 27*m. Suppose m*x + 7735 = 5*n, x - 3215 = -3*n + 1410. Is n a prime number?
True
Suppose -2*z + t = -36282, 4*t = 5*z - 0*z - 90699. Is z prime?
True
Suppose 0*t + 3*t = 4*h - 448679, h - t = 112169. Suppose 10*o - h - 198738 = 0. Is o composite?
False
Let o = -72079 + 345438. Is o composite?
False
Suppose -3*a - 160 = -52. Let k = a - -39. Suppose 2*u - 736 = -k*o + 4*o, 1099 = 3*u + o. Is u prime?
True
Let l(x) = 962*x - 65. Let p(h) = -1923*h + 133. Let g(y) = -9*l(y) - 4*p(y). Is g(-6) composite?
False
Let j be (-512)/(-10) - (3/15 - 0). Suppose j*u - 32820 = 46*u. Suppose 0 = -5*m + 17*m - u. Is m a composite number?
False
Let x(r) = -41*r**3 - 10*r**2 + 3*r - 65. Let q be x(11). Let d = q - -79336. Is d a prime number?
False
Let p = 514489 - 206756. Is p a prime number?
True
Suppose 0 = 5*q - 4*v + 15643 + 4559, 0 = 4*q + 4*v + 16140. Let i = 6533 + q. Suppose 2*f - i = -5*h + 6*f, 5*f + 2490 = 5*h. Is h composite?
False
Suppose 63*m - 60*m - 234 = 0. Let l = 881 - m. Is l composite?
True
Let b = 26 - 22. Is 3 + (192/24)/(1/b) prime?
False
Let i = -12632 + 23173. Is i a composite number?
True
Let s = -778497 + 1147226. Is s a composite number?
False
Is (-50 - -35)*(-6211)/5 composite?
True
Let h(g) = 2*g + 30. Let d be h(-16). Let k(o) = -1320*o**3 + 6*o**2 + 12*o - 2. Is k(d) a prime number?
False
Suppose 264*k - 257*k - 590018 = 220533. Is k prime?
True
Let x = 1132226 + -808660. Is x a composite number?
True
Let w be 41/(2/(-3)*99/(-66)). Let d be 134/1*(-1)/(-2). Let c = d - w. Is c a prime number?
False
Let l = -1203 + -3695. Let j = -3361 - l. Is j a composite number?
True
Is 5981/((-5)/(-1)*9/45) prime?
True
Suppose -6*h - 3 = -c - 9*h, -c - h - 1 = 0. Suppose 2*y - 4*y + 14 = -4*a, 0 = -3*a + 2*y - 9. Is (-745)/a + 12/c a prime number?
False
Let i = 105 + -101. Suppose -10 = 5*l, -i*a + 2*l = -3*l - 16342. Is a a composite number?
True
Let r be ((-22)/4)/(11/(-22)). Suppose -2*p - 11 = -r. Suppose p = 10*z - 5*z - 6275. Is z a prime number?
False
Let i(v) = 2*v**2 + 25*v - 8. Let k be i(-13). Let s(l) = l - 1. Let w be s(k). Suppose 229 = 3*f - 4*q, -w*q - q + 25 = 0. Is f a composite number?
False
Suppose 11*c - 12 = 8*c. Suppose -m = -3*j + 838, -2*j = -c*m - 855 - 2497. Let r = m - -1505. Is r composite?
True
Let h(v) be the first derivative of v**4/4 + 5*v**3 - 10*v**2 + 14*v + 3. Let c = 957 + -972. Is h(c) a prime number?
False
Let t(f) = 0 - 1 + 58*f - 7 - 5. Let g be t(7). Let a = -236 + g. Is a composite?
False
Suppose l - 4 = 1. Let n be (l + 0)/1*3/3. Is (-12)/(-2) - n - (1 - 1709) composite?
False
Let b(v) = -13*v**3 - 34*v**2 - 177*v - 7. Is b(-31) prime?
True
Let h = -83 + 129. Let p be (-4)/(-6)*(h - 1). Suppose -26*s = -p*s + 136. Is s a prime number?
False
Suppose 2*g - 20618 = 4*c, g + 17*c - 10307 = 20*c. Let a = -261 - -491. Suppose -4*o = 2*h - 5038, o + a = -4*h + g. Is h composite?
False
Let m = 252 - 250. Let c(o) = 175*o**3 + 3*o**2 - 6*o - 1. Is c(m) a composite number?
False
Is 197998/8 + (744/(-32))/31 a composite number?
False
Suppose 0 = 4*g - 4*m - 4009 - 1239, 4*g + m = 5223. Suppose g + 16852 = 3*b. Is b composite?
False
Suppose -10*u = 5*u - 31875. Suppose g - 5268 = u. Is g composite?
False
Suppose 1445 + 66898 = 11*s. Suppose 0 = 4*y - 6223 - s. Is y prime?
True
Let o(a) = -a - 1. Let w(i) = -14*i - 34. Let b(k) = -8*o(k) + w(k). Let m be b(-5). Let u(z) = 243*z - 5. Is u(m) a prime number?
True
Suppose 0 = -303*t + 281*t + 11838574. Is t a prime number?
True
Let c be 1 + 12 + (-2)/1. Let i(y) be the third derivative of -y**6/120 + 4*y**5/15 - 5*y**4/24 - 3*y**3/2 + 6*y**2. Is i(c) a composite number?
False
Suppose -9*f = -66551 - 36445. Suppose 0 = -15*j + f + 12031. Is j prime?
False
Suppose 1 = -4*d - 15, -3*d - 387683 = -v. Is v a prime number?
False
Let w(s) = 61*s**2 - 430*s - 49. Is w(-24) a prime number?
False
Is (50992/32)/((-2)/(-148)) composite?
True
Let n(i) = -24*i + 8356. Let g be n(0). Let s = g + 307. Is s a composite number?
False
Suppose 4*j - 5*y - 2940 = 7*j, -4*j - 3*y - 3909 = 0. Let p = j - -2228. Is p a prime number?
False
Suppose 3*n - 15 = 4*i, -i + 3 = n + 5. Let a be (n/3*-74)/((-10)/1380). Suppose 10*o - 6*o = a. Is o prime?
False
Suppose -2*k + 962415 = 5*q + 3*k, -4*q + k + 769952 = 0. Is q prime?
False
Let p = 1406 + 1508. Suppose 3*l = 0, p = 2*i - 0*l - 3*l. Suppose -5*d = -3*u + i, -u = -4*d - d - 499. Is u a prime number?
True
Let j(w) = 4*w**2 + 18*w. Let c be j(-18). Let n(h) = -h**2 - 43*h + 9. Let a be n(-26). Let y = c - a. Is y prime?
True
Suppose 0 = 16*m - 10 - 54. Is (((-704)/(-24))/m)/(2/1257) a prime number?
False
Let v be 1/(6 - 1603917/267318). Let q = 12555 - v. Is q composite?
False
Let h(z) = -109*z - 32. Let a(r) = -109*r - 33. Let x(d) = 6*a(d) - 7*h(d). Suppose 9*o - 22 = 7*o + 4*u, u = -3. Is x(o) composite?
False
Let g be (0 + 4)*-1 + 157238/2. Let q = g - 37538. Is q a composite number?
False
Let z = -6827 - -33982. Is z a prime number?
False
Suppose 65 + 89 = -4*c + 2*h, 0 = -5*c - 5*h - 215. Is c*(6336/20)/(-4) - 5 a prime number?
True
Suppose 34*x - 37*x + g + 33527 = 0, 0 = 5*g - 20. Is x composite?
False
Let b(h) = 194*h**2 - 15*h. Let k be b(-5). Suppose q - k = -o + 5*o, 0 = -3*q - o + 14749. Is 6/9*q/2 a prime number?
False
Let c = 331 + -235. Let f = 68 - c. Is (f/6)/((-26)/10959) a composite number?
True
Suppose 0 = f - 4*f - 222. Let p = -220 - f. Let i = p - -337. Is i a prime number?
True
Let u(a) = -a**3 + 35*a - 18. Let c be u(-17). Suppose -c = -2*l + 4806. Is l a prime number?
False
Let i = -957 + 148. Let x(j) = 83*j**2 + 4*j + 6. Let a be x(-6). Let n = i + a. Is n prime?
True
Let u be -1 + 4 + (27 - 27). Is 3/((-5)/(-3970)*u) - -3 a prime number?
True
Suppose x - 11217 - 12266 = 0. Suppose 0 = -5*b + 17627 + x. Is b composite?
True
Let z be 2 + (-9)/6 + (-805)/(-46). Suppose -7*g = -z*g + 52261. Is g composite?
False
Suppose 9*s + 3*s - 36 = 0. Suppose -59 = -s*p - 71. Is 13/(-4) + 4 - 2521/p c